{"id":4864,"date":"2024-01-24T15:56:07","date_gmt":"2024-01-24T14:56:07","guid":{"rendered":"https:\/\/www.saunygerza.cz\/?post_type=katalog&#038;p=4864"},"modified":"2024-04-22T16:45:06","modified_gmt":"2024-04-22T14:45:06","slug":"sauna-cube-eletricky-ohrev","status":"publish","type":"katalog","link":"https:\/\/www.saunygerza.cz\/en\/catalog\/sauna-cube-eletricky-ohrev\/","title":{"rendered":"Sauna Cube eletrick\u00fd oh\u0159ev"},"template":"","sklad":[54],"kategorie-katalogu":[],"class_list":["post-4864","katalog","type-katalog","status-publish","hentry","sklad-neni-skladem-en"],"acf":[],"yoast_head":"<!-- This site is optimized with the Yoast SEO plugin v26.2 - https:\/\/yoast.com\/wordpress\/plugins\/seo\/ -->\n<title>Sauna Cube eletrick\u00fd oh\u0159ev | Saunas Ger\u017ea<\/title>\n<meta name=\"robots\" content=\"index, follow, max-snippet:-1, max-image-preview:large, max-video-preview:-1\" \/>\n<link rel=\"canonical\" href=\"https:\/\/www.saunygerza.cz\/en\/catalog\/sauna-cube-eletricky-ohrev\/\" \/>\n<meta property=\"og:locale\" content=\"en_US\" \/>\n<meta property=\"og:type\" content=\"article\" \/>\n<meta property=\"og:title\" content=\"Sauna Cube eletrick\u00fd oh\u0159ev | Saunas Ger\u017ea\" \/>\n<meta property=\"og:url\" content=\"https:\/\/www.saunygerza.cz\/en\/catalog\/sauna-cube-eletricky-ohrev\/\" \/>\n<meta property=\"og:site_name\" content=\"Saunas Ger\u017ea\" \/>\n<meta property=\"article:modified_time\" content=\"2024-04-22T14:45:06+00:00\" \/>\n<meta name=\"twitter:card\" content=\"summary_large_image\" \/>\n<script type=\"application\/ld+json\" class=\"yoast-schema-graph\">{\"@context\":\"https:\/\/schema.org\",\"@graph\":[{\"@type\":\"WebPage\",\"@id\":\"https:\/\/www.saunygerza.cz\/en\/catalog\/sauna-cube-eletricky-ohrev\/\",\"url\":\"https:\/\/www.saunygerza.cz\/en\/catalog\/sauna-cube-eletricky-ohrev\/\",\"name\":\"Sauna Cube eletrick\u00fd oh\u0159ev | Saunas Ger\u017ea\",\"isPartOf\":{\"@id\":\"https:\/\/www.saunygerza.cz\/en\/#website\"},\"datePublished\":\"2024-01-24T14:56:07+00:00\",\"dateModified\":\"2024-04-22T14:45:06+00:00\",\"breadcrumb\":{\"@id\":\"https:\/\/www.saunygerza.cz\/en\/catalog\/sauna-cube-eletricky-ohrev\/#breadcrumb\"},\"inLanguage\":\"en-US\",\"potentialAction\":[{\"@type\":\"ReadAction\",\"target\":[\"https:\/\/www.saunygerza.cz\/en\/catalog\/sauna-cube-eletricky-ohrev\/\"]}]},{\"@type\":\"BreadcrumbList\",\"@id\":\"https:\/\/www.saunygerza.cz\/en\/catalog\/sauna-cube-eletricky-ohrev\/#breadcrumb\",\"itemListElement\":[{\"@type\":\"ListItem\",\"position\":1,\"name\":\"Dom\u016f\",\"item\":\"https:\/\/www.saunygerza.cz\/en\/\"},{\"@type\":\"ListItem\",\"position\":2,\"name\":\"Catalog\",\"item\":\"https:\/\/www.saunygerza.cz\/en\/catalog\/\"},{\"@type\":\"ListItem\",\"position\":3,\"name\":\"Sauna Cube eletrick\u00fd oh\u0159ev\"}]},{\"@type\":\"WebSite\",\"@id\":\"https:\/\/www.saunygerza.cz\/en\/#website\",\"url\":\"https:\/\/www.saunygerza.cz\/en\/\",\"name\":\"Saunas Ger\u017ea\",\"description\":\"Hork\u00e9 mas\u00e1\u017en\u00ed sudy a sudov\u00e9 sany\",\"potentialAction\":[{\"@type\":\"SearchAction\",\"target\":{\"@type\":\"EntryPoint\",\"urlTemplate\":\"https:\/\/www.saunygerza.cz\/en\/?s={search_term_string}\"},\"query-input\":{\"@type\":\"PropertyValueSpecification\",\"valueRequired\":true,\"valueName\":\"search_term_string\"}}],\"inLanguage\":\"en-US\"}]}<\/script>\n<!-- \/ Yoast SEO plugin. -->","yoast_head_json":{"title":"Sauna Cube eletrick\u00fd oh\u0159ev | Saunas Ger\u017ea","robots":{"index":"index","follow":"follow","max-snippet":"max-snippet:-1","max-image-preview":"max-image-preview:large","max-video-preview":"max-video-preview:-1"},"canonical":"https:\/\/www.saunygerza.cz\/en\/catalog\/sauna-cube-eletricky-ohrev\/","og_locale":"en_US","og_type":"article","og_title":"Sauna Cube eletrick\u00fd oh\u0159ev | Saunas Ger\u017ea","og_url":"https:\/\/www.saunygerza.cz\/en\/catalog\/sauna-cube-eletricky-ohrev\/","og_site_name":"Saunas Ger\u017ea","article_modified_time":"2024-04-22T14:45:06+00:00","twitter_card":"summary_large_image","schema":{"@context":"https:\/\/schema.org","@graph":[{"@type":"WebPage","@id":"https:\/\/www.saunygerza.cz\/en\/catalog\/sauna-cube-eletricky-ohrev\/","url":"https:\/\/www.saunygerza.cz\/en\/catalog\/sauna-cube-eletricky-ohrev\/","name":"Sauna Cube eletrick\u00fd oh\u0159ev | Saunas Ger\u017ea","isPartOf":{"@id":"https:\/\/www.saunygerza.cz\/en\/#website"},"datePublished":"2024-01-24T14:56:07+00:00","dateModified":"2024-04-22T14:45:06+00:00","breadcrumb":{"@id":"https:\/\/www.saunygerza.cz\/en\/catalog\/sauna-cube-eletricky-ohrev\/#breadcrumb"},"inLanguage":"en-US","potentialAction":[{"@type":"ReadAction","target":["https:\/\/www.saunygerza.cz\/en\/catalog\/sauna-cube-eletricky-ohrev\/"]}]},{"@type":"BreadcrumbList","@id":"https:\/\/www.saunygerza.cz\/en\/catalog\/sauna-cube-eletricky-ohrev\/#breadcrumb","itemListElement":[{"@type":"ListItem","position":1,"name":"Dom\u016f","item":"https:\/\/www.saunygerza.cz\/en\/"},{"@type":"ListItem","position":2,"name":"Catalog","item":"https:\/\/www.saunygerza.cz\/en\/catalog\/"},{"@type":"ListItem","position":3,"name":"Sauna Cube eletrick\u00fd oh\u0159ev"}]},{"@type":"WebSite","@id":"https:\/\/www.saunygerza.cz\/en\/#website","url":"https:\/\/www.saunygerza.cz\/en\/","name":"Saunas Ger\u017ea","description":"Hork\u00e9 mas\u00e1\u017en\u00ed sudy a sudov\u00e9 sany","potentialAction":[{"@type":"SearchAction","target":{"@type":"EntryPoint","urlTemplate":"https:\/\/www.saunygerza.cz\/en\/?s={search_term_string}"},"query-input":{"@type":"PropertyValueSpecification","valueRequired":true,"valueName":"search_term_string"}}],"inLanguage":"en-US"}]}},"_links":{"self":[{"href":"https:\/\/www.saunygerza.cz\/en\/wp-json\/wp\/v2\/katalog\/4864","targetHints":{"allow":["GET"]}}],"collection":[{"href":"https:\/\/www.saunygerza.cz\/en\/wp-json\/wp\/v2\/katalog"}],"about":[{"href":"https:\/\/www.saunygerza.cz\/en\/wp-json\/wp\/v2\/types\/katalog"}],"wp:attachment":[{"href":"https:\/\/www.saunygerza.cz\/en\/wp-json\/wp\/v2\/media?parent=4864"}],"wp:term":[{"taxonomy":"sklad","embeddable":true,"href":"https:\/\/www.saunygerza.cz\/en\/wp-json\/wp\/v2\/sklad?post=4864"},{"taxonomy":"kategorie-katalogu","embeddable":true,"href":"https:\/\/www.saunygerza.cz\/en\/wp-json\/wp\/v2\/kategorie-katalogu?post=4864"}],"curies":[{"name":"wp","href":"https:\/\/api.w.org\/{rel}","templated":true}]}}

Sauna Cube eletrický ohřev

<!-- This site is optimized with the Yoast SEO plugin v26.2 - https://yoast.com/wordpress/plugins/seo/ -->
<title>Sauna Cube eletrický ohřev | Saunas Gerža</title>
<meta name="robots" content="index, follow, max-snippet:-1, max-image-preview:large, max-video-preview:-1" />
<link rel="canonical" href="https://www.saunygerza.cz/en/catalog/sauna-cube-eletricky-ohrev/" />
<meta property="og:locale" content="en_US" />
<meta property="og:type" content="article" />
<meta property="og:title" content="Sauna Cube eletrický ohřev | Saunas Gerža" />
<meta property="og:url" content="https://www.saunygerza.cz/en/catalog/sauna-cube-eletricky-ohrev/" />
<meta property="og:site_name" content="Saunas Gerža" />
<meta property="article:modified_time" content="2024-04-22T14:45:06+00:00" />
<meta name="twitter:card" content="summary_large_image" />
<script type="application/ld+json" class="yoast-schema-graph">{"@context":"https://schema.org","@graph":[{"@type":"WebPage","@id":"https://www.saunygerza.cz/en/catalog/sauna-cube-eletricky-ohrev/","url":"https://www.saunygerza.cz/en/catalog/sauna-cube-eletricky-ohrev/","name":"Sauna Cube eletrický ohřev | Saunas Gerža","isPartOf":{"@id":"https://www.saunygerza.cz/en/#website"},"datePublished":"2024-01-24T14:56:07+00:00","dateModified":"2024-04-22T14:45:06+00:00","breadcrumb":{"@id":"https://www.saunygerza.cz/en/catalog/sauna-cube-eletricky-ohrev/#breadcrumb"},"inLanguage":"en-US","potentialAction":[{"@type":"ReadAction","target":["https://www.saunygerza.cz/en/catalog/sauna-cube-eletricky-ohrev/"]}]},{"@type":"BreadcrumbList","@id":"https://www.saunygerza.cz/en/catalog/sauna-cube-eletricky-ohrev/#breadcrumb","itemListElement":[{"@type":"ListItem","position":1,"name":"Domů","item":"https://www.saunygerza.cz/en/"},{"@type":"ListItem","position":2,"name":"Catalog","item":"https://www.saunygerza.cz/en/catalog/"},{"@type":"ListItem","position":3,"name":"Sauna Cube eletrický ohřev"}]},{"@type":"WebSite","@id":"https://www.saunygerza.cz/en/#website","url":"https://www.saunygerza.cz/en/","name":"Saunas Gerža","description":"Horké masážní sudy a sudové sany","potentialAction":[{"@type":"SearchAction","target":{"@type":"EntryPoint","urlTemplate":"https://www.saunygerza.cz/en/?s={search_term_string}"},"query-input":{"@type":"PropertyValueSpecification","valueRequired":true,"valueName":"search_term_string"}}],"inLanguage":"en-US"}]}</script>
<!-- / Yoast SEO plugin. -->

Sauna Cube eletrický ohřev | Saunas Gerža

Saunas Gerža

Domů

Horké masážní sudy a sudové sany
