{"id":6107,"date":"2023-02-24T16:48:39","date_gmt":"2023-02-24T15:48:39","guid":{"rendered":"https:\/\/www.saunygerza.cz\/katalog\/barrel-sauna-6m\/"},"modified":"2024-12-16T15:43:27","modified_gmt":"2024-12-16T14:43:27","slug":"fass-sauna-6m","status":"publish","type":"katalog","link":"https:\/\/www.saunygerza.cz\/de\/katalog\/fass-sauna-6m\/","title":{"rendered":"Fass sauna 6m"},"template":"","sklad":[60],"kategorie-katalogu":[61],"class_list":["post-6107","katalog","type-katalog","status-publish","hentry","sklad-nicht-auf-lager","kategorie-katalogu-fass-saunen"],"acf":[],"yoast_head":"<!-- This site is optimized with the Yoast SEO plugin v26.2 - https:\/\/yoast.com\/wordpress\/plugins\/seo\/ -->\n<title>Fass sauna 6m | Saunen Ger\u017ea<\/title>\n<meta name=\"robots\" content=\"index, follow, max-snippet:-1, max-image-preview:large, max-video-preview:-1\" \/>\n<link rel=\"canonical\" href=\"https:\/\/www.saunygerza.cz\/de\/katalog\/fass-sauna-6m\/\" \/>\n<meta property=\"og:locale\" content=\"de_DE\" \/>\n<meta property=\"og:type\" content=\"article\" \/>\n<meta property=\"og:title\" content=\"Fass sauna 6m | Saunen Ger\u017ea\" \/>\n<meta property=\"og:url\" content=\"https:\/\/www.saunygerza.cz\/de\/katalog\/fass-sauna-6m\/\" \/>\n<meta property=\"og:site_name\" content=\"Saunen Ger\u017ea\" \/>\n<meta property=\"article:modified_time\" content=\"2024-12-16T14:43:27+00:00\" \/>\n<meta name=\"twitter:card\" content=\"summary_large_image\" \/>\n<script type=\"application\/ld+json\" class=\"yoast-schema-graph\">{\"@context\":\"https:\/\/schema.org\",\"@graph\":[{\"@type\":\"WebPage\",\"@id\":\"https:\/\/www.saunygerza.cz\/de\/katalog\/fass-sauna-6m\/\",\"url\":\"https:\/\/www.saunygerza.cz\/de\/katalog\/fass-sauna-6m\/\",\"name\":\"Fass sauna 6m | Saunen Ger\u017ea\",\"isPartOf\":{\"@id\":\"https:\/\/www.saunygerza.cz\/de\/#website\"},\"datePublished\":\"2023-02-24T15:48:39+00:00\",\"dateModified\":\"2024-12-16T14:43:27+00:00\",\"breadcrumb\":{\"@id\":\"https:\/\/www.saunygerza.cz\/de\/katalog\/fass-sauna-6m\/#breadcrumb\"},\"inLanguage\":\"de\",\"potentialAction\":[{\"@type\":\"ReadAction\",\"target\":[\"https:\/\/www.saunygerza.cz\/de\/katalog\/fass-sauna-6m\/\"]}]},{\"@type\":\"BreadcrumbList\",\"@id\":\"https:\/\/www.saunygerza.cz\/de\/katalog\/fass-sauna-6m\/#breadcrumb\",\"itemListElement\":[{\"@type\":\"ListItem\",\"position\":1,\"name\":\"Dom\u016f\",\"item\":\"https:\/\/www.saunygerza.cz\/de\/\"},{\"@type\":\"ListItem\",\"position\":2,\"name\":\"Katalog\",\"item\":\"https:\/\/www.saunygerza.cz\/de\/katalog\/\"},{\"@type\":\"ListItem\",\"position\":3,\"name\":\"Fass sauna 6m\"}]},{\"@type\":\"WebSite\",\"@id\":\"https:\/\/www.saunygerza.cz\/de\/#website\",\"url\":\"https:\/\/www.saunygerza.cz\/de\/\",\"name\":\"Saunen Ger\u017ea\",\"description\":\"Hork\u00e9 mas\u00e1\u017en\u00ed sudy a sudov\u00e9 sany\",\"potentialAction\":[{\"@type\":\"SearchAction\",\"target\":{\"@type\":\"EntryPoint\",\"urlTemplate\":\"https:\/\/www.saunygerza.cz\/de\/?s={search_term_string}\"},\"query-input\":{\"@type\":\"PropertyValueSpecification\",\"valueRequired\":true,\"valueName\":\"search_term_string\"}}],\"inLanguage\":\"de\"}]}<\/script>\n<!-- \/ Yoast SEO plugin. -->","yoast_head_json":{"title":"Fass sauna 6m | Saunen Ger\u017ea","robots":{"index":"index","follow":"follow","max-snippet":"max-snippet:-1","max-image-preview":"max-image-preview:large","max-video-preview":"max-video-preview:-1"},"canonical":"https:\/\/www.saunygerza.cz\/de\/katalog\/fass-sauna-6m\/","og_locale":"de_DE","og_type":"article","og_title":"Fass sauna 6m | Saunen Ger\u017ea","og_url":"https:\/\/www.saunygerza.cz\/de\/katalog\/fass-sauna-6m\/","og_site_name":"Saunen Ger\u017ea","article_modified_time":"2024-12-16T14:43:27+00:00","twitter_card":"summary_large_image","schema":{"@context":"https:\/\/schema.org","@graph":[{"@type":"WebPage","@id":"https:\/\/www.saunygerza.cz\/de\/katalog\/fass-sauna-6m\/","url":"https:\/\/www.saunygerza.cz\/de\/katalog\/fass-sauna-6m\/","name":"Fass sauna 6m | Saunen Ger\u017ea","isPartOf":{"@id":"https:\/\/www.saunygerza.cz\/de\/#website"},"datePublished":"2023-02-24T15:48:39+00:00","dateModified":"2024-12-16T14:43:27+00:00","breadcrumb":{"@id":"https:\/\/www.saunygerza.cz\/de\/katalog\/fass-sauna-6m\/#breadcrumb"},"inLanguage":"de","potentialAction":[{"@type":"ReadAction","target":["https:\/\/www.saunygerza.cz\/de\/katalog\/fass-sauna-6m\/"]}]},{"@type":"BreadcrumbList","@id":"https:\/\/www.saunygerza.cz\/de\/katalog\/fass-sauna-6m\/#breadcrumb","itemListElement":[{"@type":"ListItem","position":1,"name":"Dom\u016f","item":"https:\/\/www.saunygerza.cz\/de\/"},{"@type":"ListItem","position":2,"name":"Katalog","item":"https:\/\/www.saunygerza.cz\/de\/katalog\/"},{"@type":"ListItem","position":3,"name":"Fass sauna 6m"}]},{"@type":"WebSite","@id":"https:\/\/www.saunygerza.cz\/de\/#website","url":"https:\/\/www.saunygerza.cz\/de\/","name":"Saunen Ger\u017ea","description":"Hork\u00e9 mas\u00e1\u017en\u00ed sudy a sudov\u00e9 sany","potentialAction":[{"@type":"SearchAction","target":{"@type":"EntryPoint","urlTemplate":"https:\/\/www.saunygerza.cz\/de\/?s={search_term_string}"},"query-input":{"@type":"PropertyValueSpecification","valueRequired":true,"valueName":"search_term_string"}}],"inLanguage":"de"}]}},"_links":{"self":[{"href":"https:\/\/www.saunygerza.cz\/de\/wp-json\/wp\/v2\/katalog\/6107","targetHints":{"allow":["GET"]}}],"collection":[{"href":"https:\/\/www.saunygerza.cz\/de\/wp-json\/wp\/v2\/katalog"}],"about":[{"href":"https:\/\/www.saunygerza.cz\/de\/wp-json\/wp\/v2\/types\/katalog"}],"wp:attachment":[{"href":"https:\/\/www.saunygerza.cz\/de\/wp-json\/wp\/v2\/media?parent=6107"}],"wp:term":[{"taxonomy":"sklad","embeddable":true,"href":"https:\/\/www.saunygerza.cz\/de\/wp-json\/wp\/v2\/sklad?post=6107"},{"taxonomy":"kategorie-katalogu","embeddable":true,"href":"https:\/\/www.saunygerza.cz\/de\/wp-json\/wp\/v2\/kategorie-katalogu?post=6107"}],"curies":[{"name":"wp","href":"https:\/\/api.w.org\/{rel}","templated":true}]}}

<!-- This site is optimized with the Yoast SEO plugin v26.2 - https://yoast.com/wordpress/plugins/seo/ -->
<title>Fass sauna 6m | Saunen Gerža</title>
<meta name="robots" content="index, follow, max-snippet:-1, max-image-preview:large, max-video-preview:-1" />
<link rel="canonical" href="https://www.saunygerza.cz/de/katalog/fass-sauna-6m/" />
<meta property="og:locale" content="de_DE" />
<meta property="og:type" content="article" />
<meta property="og:title" content="Fass sauna 6m | Saunen Gerža" />
<meta property="og:url" content="https://www.saunygerza.cz/de/katalog/fass-sauna-6m/" />
<meta property="og:site_name" content="Saunen Gerža" />
<meta property="article:modified_time" content="2024-12-16T14:43:27+00:00" />
<meta name="twitter:card" content="summary_large_image" />
<script type="application/ld+json" class="yoast-schema-graph">{"@context":"https://schema.org","@graph":[{"@type":"WebPage","@id":"https://www.saunygerza.cz/de/katalog/fass-sauna-6m/","url":"https://www.saunygerza.cz/de/katalog/fass-sauna-6m/","name":"Fass sauna 6m | Saunen Gerža","isPartOf":{"@id":"https://www.saunygerza.cz/de/#website"},"datePublished":"2023-02-24T15:48:39+00:00","dateModified":"2024-12-16T14:43:27+00:00","breadcrumb":{"@id":"https://www.saunygerza.cz/de/katalog/fass-sauna-6m/#breadcrumb"},"inLanguage":"de","potentialAction":[{"@type":"ReadAction","target":["https://www.saunygerza.cz/de/katalog/fass-sauna-6m/"]}]},{"@type":"BreadcrumbList","@id":"https://www.saunygerza.cz/de/katalog/fass-sauna-6m/#breadcrumb","itemListElement":[{"@type":"ListItem","position":1,"name":"Domů","item":"https://www.saunygerza.cz/de/"},{"@type":"ListItem","position":2,"name":"Katalog","item":"https://www.saunygerza.cz/de/katalog/"},{"@type":"ListItem","position":3,"name":"Fass sauna 6m"}]},{"@type":"WebSite","@id":"https://www.saunygerza.cz/de/#website","url":"https://www.saunygerza.cz/de/","name":"Saunen Gerža","description":"Horké masážní sudy a sudové sany","potentialAction":[{"@type":"SearchAction","target":{"@type":"EntryPoint","urlTemplate":"https://www.saunygerza.cz/de/?s={search_term_string}"},"query-input":{"@type":"PropertyValueSpecification","valueRequired":true,"valueName":"search_term_string"}}],"inLanguage":"de"}]}</script>
<!-- / Yoast SEO plugin. -->

Fass sauna 6m | Saunen Gerža

Saunen Gerža

Domů

Horké masážní sudy a sudové sany
